3921*d - 116. Calculate j(0).
-116
Let n(a) = 144*a + 1066. Determine n(-10).
-374
Let w(m) = -m**3 - 7*m**2 + 617*m - 2205. Give w(-30).
-15
Let p(x) = 16074*x - 5320489. Calculate p(331).
5
Let l(u) = -20608*u - 1133424. Give l(-55).
16
Let x(n) = -4040*n + 2351290. Calculate x(582).
10
Let h(j) = 198*j - 46709. What is h(236)?
19
Let g(l) = -8914*l + 1176612. Determine g(132).
-36
Let b(p) = p**2 - 111*p + 159. Give b(6).
-471
Let c(s) = -672*s - 247. What is c(0)?
-247
Let b(v) = -67*v**2 - 43*v - 32. Determine b(-3).
-506
Let o(u) = 4*u**3 + 72*u**2 + 582*u + 886. Give o(-2).
-22
Let q(p) = -591*p**2 + 91590*p + 2308. Calculate q(155).
-17
Let n(o) = -180*o - 4750. Give n(-28).
290
Let v(x) = 3*x**3 - 25*x**2 - 97*x + 764. What is v(9)?
53
Let p(l) = -l**3 - 23*l**2 - 34*l - 304. Calculate p(-8).
-992
Let u(s) = -88254*s + 352993. What is u(4)?
-23
Let h(q) = -q**2 + 1530*q + 82236. Calculate h(-52).
-28
Let r(j) = -175041*j + 11727740. Determine r(67).
-7
Let a(u) = -u**3 + 37*u**2 + 1924*u - 26. What is a(-29)?
-316
Let z(g) = -287*g + 9938. Determine z(36).
-394
Let l(f) = f**2 - 154*f + 5640. Calculate l(82).
-264
Let g(u) = 1125*u - 22787. Determine g(20).
-287
Let a(p) = -18*p + 4746. Give a(254).
174
Let w(u) = -3*u**2 - 3247*u - 440447. Determine w(-159).
-17
Let o(u) = -u**3 + 22*u**2 - 116*u + 100. Determine o(0).
100
Let c(g) = 4243*g + 8886. Determine c(-2).
400
Let h(v) = -30*v**3 - 3566*v**2 + 470*v - 714. Give h(-119).
0
Let l(y) = -y**2 - 96*y - 1209. Determine l(-13).
-130
Let h(t) = t**3 - 22*t**2 + 31*t - 262. Give h(13).
-1380
Let a(i) = 36015*i - 756312. Give a(21).
3
Let v(g) = 111*g - 1415. Calculate v(19).
694
Let t(n) = -n**2 - 3462*n + 204057. Give t(58).
-103
Let h(a) = 2*a**3 - 45*a**2 - 1649*a + 1000. Determine h(-20).
-20
Let n(b) = b**2 - 9*b + 339. What is n(17)?
475
Let w(c) = -2*c**3 + 44*c**2 - 37*c - 703. What is w(22)?
-1517
Let m(u) = u**3 - 56905*u**2 + 6247451*u - 117. Give m(110).
-7
Let b(t) = 2*t**2 - 352*t + 8997. Determine b(144).
-219
Let w(f) = 4*f**3 + 75*f**2 - 311*f - 553. What is w(-22)?
-3
Let y(g) = -4*g**2 - 514*g - 7335. Give y(-16).
-135
Let j(a) = -108*a**2 + 884*a - 142. Calculate j(8).
18
Let g(p) = p**3 + 2*p**2 - 96*p + 183. What is g(0)?
183
Let d(r) = -r**3 + 34*r**2 + 309*r + 181. Determine d(42).
-953
Let h(q) = -561*q + 195256. Determine h(348).
28
Let t(s) = 10*s**3 - 1995*s**2 + 1024*s - 5773. Give t(199).
-2
Let g(i) = -24*i - 1391. Calculate g(-58).
1
Let o(g) = -g + 314. Calculate o(0).
314
Let j(s) = 107788*s - 970086. Calculate j(9).
6
Let p(b) = b**3 + 41*b**2 - 391*b + 290. Determine p(-49).
241
Let q(g) = -g**3 + 40*g**2 - 16563*g - 33294. What is q(-2)?
0
Let f(z) = 6544*z - 104605. Calculate f(16).
99
Let f(x) = -18*x + 2485. Calculate f(123).
271
Let d(v) = v**3 - v**2 - 95305*v - 190605. What is d(-2)?
-7
Let x(f) = 3*f**2 - 99*f - 255. Calculate x(11).
-981
Let j(s) = -1393*s - 15102. What is j(-10)?
-1172
Let p(f) = -380*f + 16062. Determine p(42).
102
Let j(v) = -v**3 - 499*v**2 - 12*v - 6052. What is j(-499)?
-64
Let h(p) = 2175*p - 18899. Determine h(9).
676
Let t(a) = -a**3 - 29*a**2 + 9254*a + 276718. Determine t(-30).
-2
Let m(w) = -18495*w - 18490. What is m(-1)?
5
Let v(q) = -1990*q - 75619. Determine v(-38).
1
Let w(z) = 2*z**2 + 1369*z - 8262. Give w(6).
24
Let z(c) = -c**2 + 36*c + 58758. Determine z(261).
33
Let d(a) = -5*a**3 - 161*a**2 - 76*a - 1423. What is d(-32)?
-15
Let l(v) = 2279*v - 2060. Give l(2).
2498
Let m(n) = -69440*n - 555378. Determine m(-8).
142
Let b(t) = t**3 - 186*t**2 + 373*t - 841. What is b(184)?
79
Let b(f) = -f**3 + 121*f**2 - 492*f + 3489. Give b(117).
681
Let b(o) = -2*o**3 + 5*o**2 - 66*o - 101. Determine b(0).
-101
Let m(v) = 117591*v - 14110906. Calculate m(120).
14
Let f(y) = -1518*y - 35217. What is f(-23)?
-303
Let s(x) = -49*x**3 + 6174*x**2 - 3*x + 452. Give s(126).
74
Let g(c) = 581*c**2 - 43637*c + 4639. What is g(75)?
-11
Let z(m) = -39*m**2 + 41*m - 65. What is z(3)?
-293
Let q(p) = -2*p**2 - 196*p + 151. Determine q(-99).
-47
Let h(m) = -17*m**2 - 5000*m - 759. Calculate h(-294).
-171
Let v(z) = 40*z**3 - 2*z**2 + 92*z - 92. Give v(1).
38
Let z(v) = -11*v**2 + 218*v - 80. Determine z(0).
-80
Let k(s) = -107*s**3 - 2013*s**2 + 382*s + 47. What is k(-19)?
9
Let p(b) = 2*b**3 - 44*b**2 + 51*b - 971. Determine p(22).
151
Let m(t) = 4*t**2 + 242*t - 13217. What is m(37)?
1213
Let c(f) = -6*f**2 - 352*f - 4726. Calculate c(-22).
114
Let v(x) = -367*x**2 - 117795*x + 3861. What is v(-321)?
9
Let h(l) = -5*l**2 + 6209*l - 37076. What is h(6)?
-2
Let m(w) = 2*w**2 + 180*w + 2024. Give m(-77).
22
Let r(i) = i**3 + 20*i**2 - 144*i - 3343. Give r(-17).
-28
Let y(t) = 4*t**2 + 1069*t - 26494. Determine y(24).
1466
Let g(b) = 87*b**2 + 42722*b + 2424. Determine g(-491).
-31
Let g(w) = -10*w**2 - 3*w + 630. What is g(0)?
630
Let l(w) = -w**3 - 73*w**2 - 1234*w - 61. What is l(-47)?
503
Let x(t) = -t**3 - 46*t**2 - 491*t + 22. What is x(-17)?
-12
Let s(m) = 2*m**3 + 79*m**2 + 179*m - 216. Determine s(-37).
6
Let y(o) = -224*o + 5795. Give y(30).
-925
Let w(q) = 18*q**3 + 1463*q**2 - 194609*q - 136. What is w(71)?
6
Let p(y) = -y**3 - 52*y**2 + 66*y + 504. Calculate p(-53).
-185
Let o(r) = -6015*r + 24066. Give o(4).
6
Let w(x) = -18845*x + 56551. Calculate w(3).
16
Let w(x) = -30*x**2 + 403*x + 1827. What is w(17)?
8
Let m(g) = 954*g - 62951. Determine m(66).
13
Let p(z) = z**3 - 167*z**2 - 2824*z - 19033. Determine p(183).
-1
Let p(x) = x**3 + 96*x**2 + 269*x - 919. What is p(-93)?
11
Let k(h) = -10888*h - 892873. What is k(-82)?
-57
Let z(x) = -2273253*x - 13639510. Give z(-6).
8
Let h(n) = 2*n**2 + 744*n - 10830. Determine h(14).
-22
Let l(y) = 16*y**2 + 71759*y - 358786. What is l(5)?
409
Let z(x) = -2444*x + 73329. Determine z(30).
9
Let r(s) = 1803*s + 1478428. What is r(-820)?
-32
Let g(f) = 6*f**2 - 19*f + 295. Calculate g(10).
705
Let j(r) = 2*r**3 + 4013*r**2 + 5812*r - 407028. What is j(-2005)?
-13
Let v(g) = -4325*g - 540622. Calculate v(-125).
3
Let f(a) = -722*a + 55811. What is f(77)?
217
Let n(i) = -111962*i - 7165570. Determine n(-64).
-2
Let z(m) = -m**2 + 76*m - 562. What is z(11)?
153
Let h(c) = -c**3 - 150*c**2 + 99*c - 8705. What is h(-151)?
-853
Let y(l) = l**3 + 118*l**2 - 231*l + 1120. Determine y(-120).
40
Let h(f) = 3*f**3 + 45*f**2 + 23*f + 24. Determine h(5).
1639
Let k(y) = -y**2 + 279*y + 1435. Calculate k(-5).
15
Let u(p) = -8*p**2 + 1018*p - 31491. Calculate u(53).
-9
Let v(q) = -70235*q + 1334227. Give v(19).
-238
Let d(n) = 2*n**2 - 127*n + 1246. Determine d(6).
556
Let y(f) = f**3 + 62*f**2 - 211*f - 16599. Give y(-61).
-7
Let r(p) = 4854*p - 640766. What is r(132)?
-38
Let j(o) = -o**3 + 42*o**2 + 24*o + 901. Calculate j(43).
84
Let h(p) = -4*p**3 + 34*p**2 + 253*p + 43. Calculate h(-7).
1310
Let q(d) = 99*d + 382. What is q(-19)?
-1499
Let l(r) = 76*r**2 + 1972*r + 15. Give l(-26).
119
Let w(k) = -21205*k - 84814. Calculate w(-4).
6
Let t(u) = -34*u**2 + 1280*u + 2558. What is t(-2)?
-138
Let x(s) = -3*s**3 + 90*s + 1021. Calculate x(0).
1021
Let f(w) = 761303*w - 4567813. Calculate f(6).
5
Let t(m) = m**3 + 134*m**2 - 13*m - 350. Determine t(0).
-350
Let m(g) = -5789*g + 11473. Determine m(2).
-105
Let y(j) = 4*j**3 - 4*j**2 - 255*j + 1002. Give y(6).
192
Let o(r) = -r**2 - 106*r - 1041. Give o(-93).
168
Let i(f) = -124*f - 405. Determine i(4).
-901
Let n(x) = -1640*x - 306658. Give n(-187).
22
Let n(h) = 1044*h + 17940. Calculate n(-14).
3324
Let m(i) = -90086*i + 16035309. Calculate m(178).
1
Let k(b) = 88969*b - 3736691. Determine k(42).
7
Let h(g) = -4*g**2 + 395*g + 498. Determine h(100).
-2
Let o(b) = -102*b - 792. Give o(2).
-996
Let b(a) = -a**2 - 38524*a - 2038941. Determine b(-53).
22
Let o(m) = 187445*m + 18369607. Determine o(-98).
-3
Let v(w) = 147387*w - 736932. Give v(5).
3
Let t(b) = b**2 - 390*b - 24475. Calculate t(-55).
0
Let s(x) = -x**3 + 18*x**2 + 1768*x - 2. Calculate s(-34).
-2
Let g(c) = 56495*c - 18530373. Determine g(328).
-13
Let s(m) = 529*m - 619. Determine s(1).
-90
Let x(i) = 140934*i + 29596133. What is x(-210)?
-7
Let m(u) = 3*u**2 + 23547*u - 377220. Determine m(16).
300
Let q(i) = -2*i**3 - 39*i**2 - 45*i - 2946. Determine q(-22).
464
Let v(l)